{"id":3637,"date":"2020-07-03T11:12:30","date_gmt":"2020-07-03T10:12:30","guid":{"rendered":"https:\/\/www.morzeaniolow.pl\/?page_id=3637"},"modified":"2022-05-30T08:48:37","modified_gmt":"2022-05-30T07:48:37","slug":"ksiazka","status":"publish","type":"page","link":"https:\/\/www.morzeaniolow.pl\/index.php\/ksiazka\/","title":{"rendered":"KSI\u0104\u017bKA"},"content":{"rendered":"<div class=\"et_d4_element et_pb_section et_pb_section_0  et_pb_css_mix_blend_mode et_section_regular et_block_section\" >\n\t\t\t\t\n\t\t\t\t\n\t\t\t\t\n\t\t\t\t\n\t\t\t\t\n\t\t\t\t\n\t\t\t\t<div class=\"et_d4_element et_pb_row et_pb_row_0  et_pb_css_mix_blend_mode et_block_row\">\n\t\t\t\t<div class=\"et_d4_element et_pb_column_4_4 et_pb_column et_pb_column_0  et_pb_css_mix_blend_mode et-last-child et_block_column\">\n\t\t\t\t\n\t\t\t\t\n\t\t\t\t\n\t\t\t\t\n\t\t\t\t<div class=\"et_pb_module et_d4_element et_pb_text et_pb_text_0  et_pb_text_align_left et_pb_bg_layout_light\">\n\t\t\t\t\n\t\t\t\t\n\t\t\t\t\n\t\t\t\t\n\t\t\t\t<div class=\"et_pb_text_inner\"><h1>MAGIA GRUPY\u2013 ksi\u0105\u017cka Julii \u0141aszkiewicz zainspirowana Centered on The Edge Alana Briskina i Sheryl Erickson, pod patronatem Morza Anio\u0142\u00f3w<\/h1><\/div>\n\t\t\t<\/div>\n\t\t\t<\/div>\n\t\t\t\t\n\t\t\t\t\n\t\t\t\t\n\t\t\t\t\n\t\t\t<\/div><div class=\"et_d4_element et_pb_row et_pb_row_1  et_pb_css_mix_blend_mode et_block_row\">\n\t\t\t\t<div class=\"et_d4_element et_pb_column_1_3 et_pb_column et_pb_column_1  et_pb_css_mix_blend_mode et_block_column\">\n\t\t\t\t\n\t\t\t\t\n\t\t\t\t\n\t\t\t\t\n\t\t\t\t<div class=\"et_pb_module et_d4_element et_pb_image et_pb_image_0\">\n\t\t\t\t\n\t\t\t\t\n\t\t\t\t\n\t\t\t\t\n\t\t\t\t<span class=\"et_pb_image_wrap \"><img decoding=\"async\" width=\"1723\" height=\"2560\" data-src=\"https:\/\/www.morzeaniolow.pl\/wp-content\/uploads\/2020\/07\/MagiaGrupy-scaled.jpg\"  alt=\"MagiaGrupy-scaled KSI\u0104\u017bKA\"   title=\"\"  data-srcset=\"https:\/\/www.morzeaniolow.pl\/wp-content\/uploads\/2020\/07\/MagiaGrupy-scaled.jpg 1723w, https:\/\/www.morzeaniolow.pl\/wp-content\/uploads\/2020\/07\/MagiaGrupy-1280x1902.jpg 1280w, https:\/\/www.morzeaniolow.pl\/wp-content\/uploads\/2020\/07\/MagiaGrupy-980x1456.jpg 980w, https:\/\/www.morzeaniolow.pl\/wp-content\/uploads\/2020\/07\/MagiaGrupy-480x713.jpg 480w\" data-sizes=\"(min-width: 0px) and (max-width: 480px) 480px, (min-width: 481px) and (max-width: 980px) 980px, (min-width: 981px) and (max-width: 1280px) 1280px, (min-width: 1281px) 1723px, 100vw\" class=\"wp-image-3640 lazyload\" src=\"data:image\/gif;base64,R0lGODlhAQABAAAAACH5BAEKAAEALAAAAAABAAEAAAICTAEAOw==\" style=\"--smush-placeholder-width: 1723px; --smush-placeholder-aspect-ratio: 1723\/2560;\" \/><\/span>\n\t\t\t<\/div><div class=\"et_pb_module et_d4_element et_pb_image et_pb_image_1\">\n\t\t\t\t\n\t\t\t\t\n\t\t\t\t\n\t\t\t\t\n\t\t\t\t<span class=\"et_pb_image_wrap \"><img decoding=\"async\" width=\"1723\" height=\"2560\" data-src=\"https:\/\/www.morzeaniolow.pl\/wp-content\/uploads\/2020\/07\/MagiaGrupy-scaled.jpg\"  alt=\"MagiaGrupy-scaled KSI\u0104\u017bKA\"   title=\"\"  data-srcset=\"https:\/\/www.morzeaniolow.pl\/wp-content\/uploads\/2020\/07\/MagiaGrupy-scaled.jpg 1723w, https:\/\/www.morzeaniolow.pl\/wp-content\/uploads\/2020\/07\/MagiaGrupy-1280x1902.jpg 1280w, https:\/\/www.morzeaniolow.pl\/wp-content\/uploads\/2020\/07\/MagiaGrupy-980x1456.jpg 980w, https:\/\/www.morzeaniolow.pl\/wp-content\/uploads\/2020\/07\/MagiaGrupy-480x713.jpg 480w\" data-sizes=\"(min-width: 0px) and (max-width: 480px) 480px, (min-width: 481px) and (max-width: 980px) 980px, (min-width: 981px) and (max-width: 1280px) 1280px, (min-width: 1281px) 1723px, 100vw\" class=\"wp-image-3640 lazyload\" src=\"data:image\/gif;base64,R0lGODlhAQABAAAAACH5BAEKAAEALAAAAAABAAEAAAICTAEAOw==\" style=\"--smush-placeholder-width: 1723px; --smush-placeholder-aspect-ratio: 1723\/2560;\" \/><\/span>\n\t\t\t<\/div>\n\t\t\t<\/div><div class=\"et_d4_element et_pb_column_1_3 et_pb_column et_pb_column_2  et_pb_css_mix_blend_mode et_block_column\">\n\t\t\t\t\n\t\t\t\t\n\t\t\t\t\n\t\t\t\t\n\t\t\t\t<div class=\"et_pb_module et_d4_element et_pb_text et_pb_text_1  et_pb_text_align_left et_pb_bg_layout_light\">\n\t\t\t\t\n\t\t\t\t\n\t\t\t\t\n\t\t\t\t\n\t\t\t\t<div class=\"et_pb_text_inner\"><p>W ksi\u0105\u017cce znajdziemy osiem niezale\u017cnych rozdzia\u0142\u00f3w. Ka\u017cdy z nich sk\u0142ada si\u0119 z trzech pasm niczym zaplataj\u0105cy si\u0119 warkocz tworz\u0105cy sp\u00f3jn\u0105 ca\u0142o\u015b\u0107. Zysk z ksi\u0105\u017cki zostanie przekazany na rzecz Fundacji Hospicjum Pomorze Dzieciom.<\/p><\/div>\n\t\t\t<\/div><div class=\"et_pb_module et_d4_element et_pb_text et_pb_text_2  et_pb_text_align_left et_pb_bg_layout_light\">\n\t\t\t\t\n\t\t\t\t\n\t\t\t\t\n\t\t\t\t\n\t\t\t\t<div class=\"et_pb_text_inner\"><p>Autor: Julia \u0141aszkiewicz<br \/> Tytu\u0142: Magia Grupy<br \/> Numer ISBN: 978-83-62248-91-9<br \/> Liczba stron: 343<br \/> Ilo\u015b\u0107 zdj\u0119\u0107: 114<br \/> Wydawnictwo: ALEGORIA BIZNESOWO<br \/> Do wsp\u00f3\u0142tworzenia ksi\u0105\u017cki Julia zaprosi\u0142a ponad 50 tw\u00f3rc\u00f3w.<br \/> Beneficjent Fundacja Hospicjum Pomorze Dzieciom.<\/p><\/div>\n\t\t\t<\/div><div class=\"et_pb_module et_d4_element et_pb_text et_pb_text_3  et_pb_text_align_left et_pb_bg_layout_light\">\n\t\t\t\t\n\t\t\t\t\n\t\t\t\t\n\t\t\t\t\n\t\t\t\t<div class=\"et_pb_text_inner\"><h2>Koszt: 89 z\u0142 <\/h2><\/div>\n\t\t\t<\/div>\n\t\t\t<\/div><div class=\"et_d4_element et_pb_column_1_3 et_pb_column et_pb_column_3  et_pb_css_mix_blend_mode et-last-child et_block_column\">\n\t\t\t\t\n\t\t\t\t\n\t\t\t\t\n\t\t\t\t\n\t\t\t\t\n\t\t\t<div id=\"et_pb_contact_form_0\" class=\"et_pb_module et_d4_element et_pb_contact_form_0 et_pb_contact_form_container clearfix et_block_module\" data-form_unique_num=\"0\" data-form_unique_id=\"0ff09adb-1a37-4ee9-a5eb-651020990632\">\n\t\t\t\t\n\t\t\t\t\n\t\t\t\t\n\t\t\t\t\n\t\t\t\t<h1 class=\"et_pb_contact_main_title\">FORMULARZ ZAM\u00d3WIENIA<\/h1>\n\t\t\t\t<div class=\"et-pb-contact-message\"><\/div>\n\t\t\t\t\n\t\t\t\t<div class=\"et_pb_contact\">\n\t\t\t\t\t<form class=\"et_pb_contact_form clearfix\" method=\"post\" action=\"https:\/\/www.morzeaniolow.pl\/index.php\/wp-json\/wp\/v2\/pages\/3637\">\n\t\t\t\t\t\t<p class=\"et_d4_element et_pb_contact_field et_pb_contact_field_0 et_pb_contact_field_half\" data-id=\"name\" data-type=\"input\">\n\t\t\t\t\n\t\t\t\t\n\t\t\t\t\n\t\t\t\t\n\t\t\t\t<label for=\"et_pb_contact_name_0\" class=\"et_pb_contact_form_label\">Imi\u0119 i Nazwisko<\/label>\n\t\t\t\t<input type=\"text\" id=\"et_pb_contact_name_0\" class=\"input\" value=\"\" name=\"et_pb_contact_name_0\" data-required_mark=\"required\" data-field_type=\"input\" data-original_id=\"name\" placeholder=\"Imi\u0119 i Nazwisko\">\n\t\t\t<\/p><p class=\"et_d4_element et_pb_contact_field et_pb_contact_field_1 et_pb_contact_field_half et_pb_contact_field_last\" data-id=\"email\" data-type=\"email\">\n\t\t\t\t\n\t\t\t\t\n\t\t\t\t\n\t\t\t\t\n\t\t\t\t<label for=\"et_pb_contact_email_0\" class=\"et_pb_contact_form_label\">Adres mejlowy<\/label>\n\t\t\t\t<input type=\"text\" id=\"et_pb_contact_email_0\" class=\"input\" value=\"\" name=\"et_pb_contact_email_0\" data-required_mark=\"required\" data-field_type=\"email\" data-original_id=\"email\" placeholder=\"Adres mejlowy\">\n\t\t\t<\/p><p class=\"et_d4_element et_pb_contact_field et_pb_contact_field_2 et_pb_contact_field_last\" data-id=\"phone\" data-type=\"input\">\n\t\t\t\t\n\t\t\t\t\n\t\t\t\t\n\t\t\t\t\n\t\t\t\t<label for=\"et_pb_contact_phone_0\" class=\"et_pb_contact_form_label\">Telefon<\/label>\n\t\t\t\t<input type=\"text\" id=\"et_pb_contact_phone_0\" class=\"input\" value=\"\" name=\"et_pb_contact_phone_0\" data-required_mark=\"required\" data-field_type=\"input\" data-original_id=\"phone\" placeholder=\"Telefon\">\n\t\t\t<\/p><p class=\"et_d4_element et_pb_contact_field et_pb_contact_field_3 et_pb_contact_field_last\" data-id=\"message\" data-type=\"text\">\n\t\t\t\t\n\t\t\t\t\n\t\t\t\t\n\t\t\t\t\n\t\t\t\t<label for=\"et_pb_contact_message_0\" class=\"et_pb_contact_form_label\">Wiadomo\u015b\u0107<\/label>\n\t\t\t\t<textarea name=\"et_pb_contact_message_0\" id=\"et_pb_contact_message_0\" class=\"et_pb_contact_message input\" data-required_mark=\"required\" data-field_type=\"text\" data-original_id=\"message\" placeholder=\"Wiadomo\u015b\u0107\"><\/textarea>\n\t\t\t<\/p>\n\t\t\t\t\t\t<input type=\"hidden\" value=\"et_contact_proccess\" name=\"et_pb_contactform_submit_0\"\/>\n\t\t\t\t\t\t<div class=\"et_contact_bottom_container\">\n\t\t\t\t\t\t\t\n\t\t\t<div class=\"et_pb_contact_right et_pb_contact_field\">\n\t\t\t\t<p class=\"clearfix\">\n\t\t\t\t\t<span class=\"et_pb_contact_captcha_question\">5 + 1<\/span> = <input type=\"text\" size=\"2\" class=\"input et_pb_contact_captcha\" data-first_digit=\"5\" data-second_digit=\"1\" value=\"\" name=\"et_pb_contact_captcha_0\" data-required_mark=\"required\" autocomplete=\"off\">\n\t\t\t\t<\/p>\n\t\t\t<\/div>\n\t\t\t\t\t\t\t<button type=\"submit\" name=\"et_builder_submit_button\" class=\"et_pb_contact_submit et_pb_button\">ZAM\u00d3W<\/button>\n\t\t\t\t\t\t<\/div>\n\t\t\t\t\t\t<input type=\"hidden\" id=\"_wpnonce-et-pb-contact-form-submitted-0\" name=\"_wpnonce-et-pb-contact-form-submitted-0\" value=\"0a57ffa782\" \/><input type=\"hidden\" name=\"_wp_http_referer\" value=\"\/index.php\/wp-json\/wp\/v2\/pages\/3637\" \/>\n\t\t\t\t\t<\/form>\n\t\t\t\t<\/div>\n\t\t\t<\/div>\n\t\t\t\n\t\t\t<\/div>\n\t\t\t\t\n\t\t\t\t\n\t\t\t\t\n\t\t\t\t\n\t\t\t<\/div><div class=\"et_d4_element et_pb_row et_pb_row_2  et_pb_css_mix_blend_mode et_block_row\">\n\t\t\t\t<div class=\"et_d4_element et_pb_column_4_4 et_pb_column et_pb_column_4  et_pb_css_mix_blend_mode et-last-child et_block_column\">\n\t\t\t\t\n\t\t\t\t\n\t\t\t\t\n\t\t\t\t\n\t\t\t\t<div class=\"et_pb_module et_d4_element et_pb_text et_pb_text_4  et_pb_text_align_left et_pb_bg_layout_light\">\n\t\t\t\t\n\t\t\t\t\n\t\t\t\t\n\t\t\t\t\n\t\t\t\t<div class=\"et_pb_text_inner\"><p style=\"text-align: justify;\"><span style=\"text-decoration: underline;\"><strong>OPIS<\/strong><\/span><br \/>W ksi\u0105\u017cce znajdziemy osiem niezale\u017cnych rozdzia\u0142\u00f3w. Ka\u017cdy z nich sk\u0142ada si\u0119 z trzech pasm niczym zaplataj\u0105cy si\u0119 warkocz tworz\u0105cy sp\u00f3jn\u0105 ca\u0142o\u015b\u0107. Ka\u017cdy rozdzia\u0142 publikacji jest niezale\u017cny co pozwala czytelnikowi na zg\u0142\u0119bienie jego tre\u015bci w zaplanowanych cz\u0119\u015bciach. Pierwsze pasmo jest t\u0142umaczeniem du\u017cych fragment\u00f3w ksi\u0105\u017cki: Centered on The Edge, Alana Briskina i Sheryl Ericson. Drugie pasmo to historia osobistej transformacji autorki, kt\u00f3ra niesie \u0142adunek emocjonalny i energetyk\u0119 spajaj\u0105c\u0105 grup\u0119. Trzecie pasmo splotu powstaj\u0105cego warkocza to komentarze, dygresje i wra\u017cenia zapisane przez wa\u017cnych uczestnik\u00f3w r\u00f3\u017cnych grup. Ksi\u0105\u017cka ilustrowana jest zdj\u0119ciami, grafikami i rysunkami artyst\u00f3w, kt\u00f3re jak wst\u0105\u017cki we w\u0142osach, dope\u0142niaj\u0105 zespolenie splotu.<\/p>\n<p style=\"text-align: justify;\">Tworzenie ksi\u0105\u017cki zasila energetycznie Morze Anio\u0142\u00f3w, inicjatyw\u0119 os\u00f3b, kt\u00f3re z potrzeby serca, intuicyjnie, zjawi\u0142y si\u0119 o wschodzie s\u0142o\u0144ca na Ksi\u0119\u017cycowej w Sopocie. To miejsce, kt\u00f3re inspiruje, \u0142\u0105czy, wspiera, kreuje, skupia chc\u0105cych od \u017cycia wi\u0119cej rado\u015bci i lekko\u015bci i maj\u0105cych ch\u0119\u0107 dzielenia si\u0119 tym.<\/p><\/div>\n\t\t\t<\/div>\n\t\t\t<\/div>\n\t\t\t\t\n\t\t\t\t\n\t\t\t\t\n\t\t\t\t\n\t\t\t<\/div><div class=\"et_d4_element et_pb_row et_pb_row_3  et_pb_css_mix_blend_mode et_block_row\">\n\t\t\t\t<div class=\"et_d4_element et_pb_column_4_4 et_pb_column et_pb_column_5  et_pb_css_mix_blend_mode et-last-child et_block_column\">\n\t\t\t\t\n\t\t\t\t\n\t\t\t\t\n\t\t\t\t\n\t\t\t\t<div class=\"et_pb_module et_d4_element et_pb_text et_pb_text_5  et_pb_text_align_left et_pb_bg_layout_light\">\n\t\t\t\t\n\t\t\t\t\n\t\t\t\t\n\t\t\t\t\n\t\t\t\t<div class=\"et_pb_text_inner\"><blockquote style=\"box-sizing: border-box; padding: 0px 0px 0px 25px; margin: 45px 0px; font-size: 23px; border-width: 0px 0px 0px 5px; border-image: initial; font-style: normal; font-variant-ligatures: normal; font-variant-caps: normal; font-variant-numeric: inherit; font-variant-east-asian: inherit; font-weight: 400; font-stretch: inherit; line-height: inherit; font-family: 'Roboto Condensed', sans-serif; vertical-align: baseline; quotes: none; color: #4c4c4c; letter-spacing: normal; orphans: 2; text-align: start; text-indent: 0px; text-transform: none; white-space: normal; widows: 2; word-spacing: 0px; -webkit-text-stroke-width: 0px; text-decoration-style: initial; text-decoration-color: initial; border-color: initial initial initial #e6e6e6; border-style: initial initial initial solid;\">\n<p style=\"text-align: justify;\"><span style=\"font-size: small;\"><em>\u201eLudzie, spotykaj\u0105c si\u0119 w grupie, bardzo cz\u0119sto czuj\u0105 si\u0119 komfortowo i nawzajem si\u0119 inspiruj\u0105. Potrzebuj\u0105 tego, by czu\u0107 si\u0119 bezpiecznie w miejscu, do kt\u00f3rego s\u0105 zaproszeni, gdzie mog\u0105 si\u0119 spotka\u0107 i podzieli\u0107 tym, co czuj\u0105, swoimi do\u015bwiadczeniami na g\u0142\u0119bokim, osobistym poziomie. Miejsca, do kt\u00f3rego przychodz\u0105, by czu\u0107 si\u0119 w pe\u0142ni widzianymi, s\u0142yszanymi i akceptowanymi.\u201d czytamy w rozdziale\u00a0Sens istnienia, w ksi\u0105\u017cce\u00a0Magia Grupy.<\/em><\/span><\/p>\n<\/blockquote><\/div>\n\t\t\t<\/div>\n\t\t\t<\/div>\n\t\t\t\t\n\t\t\t\t\n\t\t\t\t\n\t\t\t\t\n\t\t\t<\/div>\n\t\t\t\t\n\t\t\t\t\n\t\t\t<\/div>\n","protected":false},"excerpt":{"rendered":"","protected":false},"author":1,"featured_media":0,"parent":0,"menu_order":0,"comment_status":"closed","ping_status":"closed","template":"","meta":{"_acf_changed":false,"_et_pb_use_builder":"on","_et_pb_old_content":"","_et_gb_content_width":"","footnotes":""},"class_list":["post-3637","page","type-page","status-publish","hentry"],"acf":[],"_links":{"self":[{"href":"https:\/\/www.morzeaniolow.pl\/index.php\/wp-json\/wp\/v2\/pages\/3637","targetHints":{"allow":["GET"]}}],"collection":[{"href":"https:\/\/www.morzeaniolow.pl\/index.php\/wp-json\/wp\/v2\/pages"}],"about":[{"href":"https:\/\/www.morzeaniolow.pl\/index.php\/wp-json\/wp\/v2\/types\/page"}],"author":[{"embeddable":true,"href":"https:\/\/www.morzeaniolow.pl\/index.php\/wp-json\/wp\/v2\/users\/1"}],"replies":[{"embeddable":true,"href":"https:\/\/www.morzeaniolow.pl\/index.php\/wp-json\/wp\/v2\/comments?post=3637"}],"version-history":[{"count":26,"href":"https:\/\/www.morzeaniolow.pl\/index.php\/wp-json\/wp\/v2\/pages\/3637\/revisions"}],"predecessor-version":[{"id":7228,"href":"https:\/\/www.morzeaniolow.pl\/index.php\/wp-json\/wp\/v2\/pages\/3637\/revisions\/7228"}],"wp:attachment":[{"href":"https:\/\/www.morzeaniolow.pl\/index.php\/wp-json\/wp\/v2\/media?parent=3637"}],"curies":[{"name":"wp","href":"https:\/\/api.w.org\/{rel}","templated":true}]}}