{"id":5839,"date":"2020-11-20T21:05:20","date_gmt":"2020-11-20T20:05:20","guid":{"rendered":"https:\/\/www.morzeaniolow.pl\/?page_id=5839"},"modified":"2020-11-25T18:34:46","modified_gmt":"2020-11-25T17:34:46","slug":"misja","status":"publish","type":"page","link":"https:\/\/www.morzeaniolow.pl\/index.php\/misja\/","title":{"rendered":"MISJA"},"content":{"rendered":"<div class=\"et_d4_element et_pb_section et_pb_section_0  et_pb_css_mix_blend_mode et_section_regular et_block_section\" data-padding=\"0px|0px|0px|0px\" >\n\t\t\t\t\n\t\t\t\t\n\t\t\t\t\n\t\t\t\t\n\t\t\t\t\n\t\t\t\t\n\t\t\t\t<div class=\"et_d4_element et_pb_row et_pb_row_0 et_pb_row_fullwidth et_pb_equal_columns et_pb_gutters1  et_pb_css_mix_blend_mode et_block_row\">\n\t\t\t\t<div class=\"et_d4_element et_pb_column_1_2 et_pb_column et_pb_column_0  et_pb_css_mix_blend_mode et_block_column et_pb_column_empty\">\n\t\t\t\t\n\t\t\t\t\n\t\t\t\t\n\t\t\t\t\n\t\t\t\t\n\t\t\t<\/div><div class=\"et_d4_element et_pb_column_1_2 et_pb_column et_pb_column_1  et_pb_css_mix_blend_mode et-last-child et_block_column\">\n\t\t\t\t\n\t\t\t\t\n\t\t\t\t\n\t\t\t\t\n\t\t\t\t<div class=\"et_pb_module et_d4_element et_pb_text et_pb_text_0  et_pb_text_align_left et_pb_bg_layout_light\">\n\t\t\t\t\n\t\t\t\t\n\t\t\t\t\n\t\t\t\t\n\t\t\t\t<div class=\"et_pb_text_inner\"><h3>INTENCJA<\/h3>\n<p style=\"text-align: justify;\">Spotykamy si\u0119 na pla\u017cy ka\u017cdego dnia o wschodzie s\u0142o\u0144ca \u2013 wej\u015bcie nr 28 w Sopocie. Wchodzimy do zimnego morza. Wsp\u00f3lnymi wydarzeniami propagujemy ruch na \u015bwie\u017cym powietrzu \u2013 zaj\u0119cia z jogi, wsp\u00f3lny taniec spontaniczny, medytacje dost\u0119pne bezp\u0142atnie dla wszystkich uczestnik\u00f3w<span>. <\/span>Zapraszamy na niedzielne \u015bniadania wegetaria\u0144skie na pla\u017cy, po wej\u015bciu do wody, z herbat\u0105 z indywidualnych termos\u00f3w i dzieleniem si\u0119 jedzeniem, przyniesionym przez uczestnik\u00f3w.<\/p>\n<p style=\"text-align: justify;\"><span>\u0141\u0105cz\u0105 nas wsp\u00f3lne niematerialne warto\u015bci, podkre\u015blamy <\/span><span>wyj\u0105tkowo\u015b\u0107 sopockiej pla\u017cy, na kt\u00f3rej si\u0119 spotykamy.<\/span> Organizowane wydarzenia, og\u0142aszane szerokiej grupie odbiorc\u00f3w, integruj\u0105 spo\u0142eczno\u015b\u0107, \u015bci\u0105gaj\u0105c do Sopotu ludzi z ca\u0142ego \u015bwiata z tak dalekich zak\u0105tk\u00f3w jak Belgia, Edynburg czy nawet Kalifornia w USA. Uruchamiaj\u0105 r\u00f3wnie\u017c inicjatywy, kt\u00f3re zaczynaj\u0105 si\u0119 realizowa\u0107 si\u0119 w innych cz\u0119\u015bciach \u015bwiata.<\/p>\n<p>&nbsp;<\/p><\/div>\n\t\t\t<\/div>\n\t\t\t<\/div>\n\t\t\t\t\n\t\t\t\t\n\t\t\t\t\n\t\t\t\t\n\t\t\t<\/div><div class=\"et_d4_element et_pb_row et_pb_row_1 et_pb_row_fullwidth et_pb_equal_columns et_pb_gutters1  et_pb_css_mix_blend_mode et_block_row\">\n\t\t\t\t<div class=\"et_d4_element et_pb_column_1_2 et_pb_column et_pb_column_2  et_pb_css_mix_blend_mode et_block_column\">\n\t\t\t\t\n\t\t\t\t\n\t\t\t\t\n\t\t\t\t\n\t\t\t\t<div class=\"et_pb_module et_d4_element et_pb_text et_pb_text_1  et_pb_text_align_left et_pb_bg_layout_light\">\n\t\t\t\t\n\t\t\t\t\n\t\t\t\t\n\t\t\t\t\n\t\t\t\t<div class=\"et_pb_text_inner\"><p style=\"text-align: justify;\"><span style=\"color: #666666;\">Jak nigdy wcze\u015bniej, ka\u017cdy jeden cz\u0142owiek bez wzgl\u0119du na p\u0142e\u0107, wiek, zaw\u00f3d czy zas\u00f3b portfela potrzebuje bezinteresownej akceptacji: \u201eStoj\u0105c na pla\u017cy w majtkach wszyscy jeste\u015bmy tacy sami, nikt nikogo nie ocenia, nikt od nikogo nic nie oczekuje. Stoimy rami\u0119 w rami\u0119, wpatrujemy si\u0119 we wschodz\u0105ce s\u0142o\u0144ce i mamy rado\u015b\u0107 z tego, \u017ce jeste\u015bmy <strong>na jednej pla\u017cy w Sopocie<\/strong>, \u017ce chcemy tu by\u0107.\u201d m\u00f3wimy o sobie.<\/span><\/p>\n<p style=\"text-align: justify;\"><span style=\"color: #666666;\">Idea kolektywnej inteligencji rozwijanej w Sopocie jest inspirowana wsp\u00f3\u0142prac\u0105 Julii \u0141aszkiewicz z Alanem Briskinem, autorem wielu ksi\u0105\u017cek po\u015bwi\u0119conych kolektywnej m\u0105dro\u015bci, pracy w grupach m.in. Centered on The Edge. Alan Briskin - konsultant zajmuj\u0105cy si\u0119 transformacj\u0105 firm i grup na arenie mi\u0119dzynarodowej. <a href=\"http:\/\/www.alanbriskin.com\" style=\"color: #666666;\">www.alanbriskin.com<\/a>. Collective Wisdom Initiative powsta\u0142a w 2000 roku przy wsparciu Instytutu Fetzera w Californii, w celu gromadzenia materia\u0142\u00f3w na temat bada\u0144, teorii i praktyki zbiorowej m\u0105dro\u015bci; wsp\u00f3\u0142praca praktyk\u00f3w i naukowc\u00f3w w takich obszarach, jak biznes, opieka zdrowotna, zdrowie psychiczne, edukacja, wymiar sprawiedliwo\u015bci w sprawach karnych i rozwi\u0105zywanie konflikt\u00f3w.<\/span><\/p><\/div>\n\t\t\t<\/div>\n\t\t\t<\/div><div class=\"et_d4_element et_pb_column_1_2 et_pb_column et_pb_column_3  et_pb_css_mix_blend_mode et-last-child et_block_column et_pb_column_empty\">\n\t\t\t\t\n\t\t\t\t\n\t\t\t\t\n\t\t\t\t\n\t\t\t\t\n\t\t\t<\/div>\n\t\t\t\t\n\t\t\t\t\n\t\t\t\t\n\t\t\t\t\n\t\t\t<\/div><div class=\"et_d4_element et_pb_row et_pb_row_2  et_pb_css_mix_blend_mode et_block_row\">\n\t\t\t\t<div class=\"et_d4_element et_pb_column_1_4 et_pb_column et_pb_column_4  et_pb_css_mix_blend_mode et_block_column et_pb_column_empty\">\n\t\t\t\t\n\t\t\t\t\n\t\t\t\t\n\t\t\t\t\n\t\t\t\t\n\t\t\t<\/div><div class=\"et_d4_element et_pb_column_1_4 et_pb_column et_pb_column_5  et_pb_css_mix_blend_mode et_block_column\">\n\t\t\t\t\n\t\t\t\t\n\t\t\t\t\n\t\t\t\t\n\t\t\t\t<div class=\"et_pb_button_module_wrapper et_pb_button_0_wrapper et_pb_button_alignment_center et_pb_module \">\n\t\t\t\t<a class=\"et_pb_button et_d4_element et_pb_button_0 et_pb_bg_layout_dark et_block_module\" href=\"https:\/\/www.morzeaniolow.pl\/index.php\/zalozyciele\/\">ZA\u0141O\u017bYCIELE<\/a>\n\t\t\t<\/div>\n\t\t\t<\/div><div class=\"et_d4_element et_pb_column_1_4 et_pb_column et_pb_column_6  et_pb_css_mix_blend_mode et_block_column\">\n\t\t\t\t\n\t\t\t\t\n\t\t\t\t\n\t\t\t\t\n\t\t\t\t<div class=\"et_pb_button_module_wrapper et_pb_button_1_wrapper et_pb_button_alignment_center et_pb_module \">\n\t\t\t\t<a class=\"et_pb_button et_d4_element et_pb_button_1 et_pb_bg_layout_dark et_block_module\" href=\"https:\/\/www.morzeaniolow.pl\/index.php\/1000-aniolow-2\/\">1000 ANIO\u0141\u00d3W<\/a>\n\t\t\t<\/div>\n\t\t\t<\/div><div class=\"et_d4_element et_pb_column_1_4 et_pb_column et_pb_column_7  et_pb_css_mix_blend_mode et-last-child et_block_column et_pb_column_empty\">\n\t\t\t\t\n\t\t\t\t\n\t\t\t\t\n\t\t\t\t\n\t\t\t\t\n\t\t\t<\/div>\n\t\t\t\t\n\t\t\t\t\n\t\t\t\t\n\t\t\t\t\n\t\t\t<\/div>\n\t\t\t\t\n\t\t\t\t\n\t\t\t<\/div>\n","protected":false},"excerpt":{"rendered":"","protected":false},"author":1,"featured_media":0,"parent":0,"menu_order":0,"comment_status":"closed","ping_status":"closed","template":"","meta":{"_acf_changed":false,"_et_pb_use_builder":"on","_et_pb_old_content":"","_et_gb_content_width":"","footnotes":""},"class_list":["post-5839","page","type-page","status-publish","hentry"],"acf":[],"_links":{"self":[{"href":"https:\/\/www.morzeaniolow.pl\/index.php\/wp-json\/wp\/v2\/pages\/5839","targetHints":{"allow":["GET"]}}],"collection":[{"href":"https:\/\/www.morzeaniolow.pl\/index.php\/wp-json\/wp\/v2\/pages"}],"about":[{"href":"https:\/\/www.morzeaniolow.pl\/index.php\/wp-json\/wp\/v2\/types\/page"}],"author":[{"embeddable":true,"href":"https:\/\/www.morzeaniolow.pl\/index.php\/wp-json\/wp\/v2\/users\/1"}],"replies":[{"embeddable":true,"href":"https:\/\/www.morzeaniolow.pl\/index.php\/wp-json\/wp\/v2\/comments?post=5839"}],"version-history":[{"count":6,"href":"https:\/\/www.morzeaniolow.pl\/index.php\/wp-json\/wp\/v2\/pages\/5839\/revisions"}],"predecessor-version":[{"id":5910,"href":"https:\/\/www.morzeaniolow.pl\/index.php\/wp-json\/wp\/v2\/pages\/5839\/revisions\/5910"}],"wp:attachment":[{"href":"https:\/\/www.morzeaniolow.pl\/index.php\/wp-json\/wp\/v2\/media?parent=5839"}],"curies":[{"name":"wp","href":"https:\/\/api.w.org\/{rel}","templated":true}]}}