{"id":7411,"date":"2024-01-23T13:16:45","date_gmt":"2024-01-23T12:16:45","guid":{"rendered":"https:\/\/www.morzeaniolow.pl\/?page_id=7411"},"modified":"2024-06-29T11:37:07","modified_gmt":"2024-06-29T10:37:07","slug":"1000-aniolow-2024","status":"publish","type":"page","link":"https:\/\/www.morzeaniolow.pl\/index.php\/1000-aniolow-2024\/","title":{"rendered":"1000 ANIO\u0141\u00d3W 2024"},"content":{"rendered":"<div class=\"et_d4_element et_pb_section et_pb_section_0  et_pb_css_mix_blend_mode et_section_regular et_block_section\" >\n\t\t\t\t\n\t\t\t\t\n\t\t\t\t\n\t\t\t\t\n\t\t\t\t\n\t\t\t\t\n\t\t\t\t<div class=\"et_d4_element et_pb_row et_pb_row_0  et_pb_css_mix_blend_mode et_block_row\">\n\t\t\t\t<div class=\"et_d4_element et_pb_column_4_4 et_pb_column et_pb_column_0  et_pb_css_mix_blend_mode et-last-child et_block_column\">\n\t\t\t\t\n\t\t\t\t\n\t\t\t\t\n\t\t\t\t\n\t\t\t\t<div class=\"et_pb_module et_d4_element dipl_floating_image dipl_floating_image_0 et_clickable\">\n\t\t\t\t\n\t\t\t\t\n\t\t\t\t\n\t\t\t\t\n\t\t\t\t\n\t\t\t\t\n\t\t\t\t<div class=\"et_pb_module_inner\">\n\t\t\t\t\t<div class=\"dipl_floating_images_wrapper\"><div class=\"et_pb_module et_d4_element dipl_floating_image_item dipl_floating_image_item_0\">\n\t\t\t\t\n\t\t\t\t\n\t\t\t\t\n\t\t\t\t\n\t\t\t\t\n\t\t\t\t\n\t\t\t\t<div class=\"et_pb_module_inner\">\n\t\t\t\t\t<img  title=\"\" decoding=\"async\" data-src=\"https:\/\/www.morzeaniolow.pl\/wp-content\/uploads\/2022\/02\/Artboard-1@4x.png\"  alt=\"Artboard-1@4x 1000 ANIO\u0141\u00d3W 2024\"  data-srcset=\"https:\/\/www.morzeaniolow.pl\/wp-content\/uploads\/2022\/02\/Artboard-1@4x.png 987w, https:\/\/www.morzeaniolow.pl\/wp-content\/uploads\/2022\/02\/Artboard-1@4x-980x453.png 980w, https:\/\/www.morzeaniolow.pl\/wp-content\/uploads\/2022\/02\/Artboard-1@4x-480x222.png 480w\" data-sizes=\"(min-width: 0px) and (max-width: 480px) 480px, (min-width: 481px) and (max-width: 980px) 980px, (min-width: 981px) 987px, 100vw\" src=\"data:image\/gif;base64,R0lGODlhAQABAAAAACH5BAEKAAEALAAAAAABAAEAAAICTAEAOw==\" class=\"lazyload\" style=\"--smush-placeholder-width: 987px; --smush-placeholder-aspect-ratio: 987\/456;\" \/>\n\t\t\t\t<\/div>\n\t\t\t<\/div><\/div>\n\t\t\t\t<\/div>\n\t\t\t<\/div><div class=\"et_pb_module et_d4_element dipl_text_highlighter dipl_text_highlighter_0\">\n\t\t\t\t\n\t\t\t\t\n\t\t\t\t\n\t\t\t\t\n\t\t\t\t\n\t\t\t\t\n\t\t\t\t<div class=\"et_pb_module_inner\">\n\t\t\t\t\t<div class=\"dipl_text_highlighter_wrapper dipl_highlighter_heading dipl_highlight_double_underline \"><h1><span class=\"dipl_text_highlighter_inner_wrapper\"><span class=\"dipl_text_highlighted_content\">1000 Anio\u0142\u00f3w o<\/span><?xml version=\"1.0\" encoding=\"utf-8\"?><!-- Generator: Adobe Illustrator 24.3.0, SVG Export Plug-In . SVG Version: 6.00 Build 0)  --><svg version=\"1.1\" xmlns=\"http:\/\/www.w3.org\/2000\/svg\" xmlns:xlink=\"http:\/\/www.w3.org\/1999\/xlink\" x=\"0px\" y=\"0px\" viewBox=\"0 0 176.4 15.3\" style=\"enable-background:new 0 0 176.4 15.3;\" xml:space=\"preserve\"><style type=\"text\/css\">.st0{fill:none;stroke:#231F20;stroke-width:2.5;stroke-linecap:round;stroke-linejoin:round;}<\/style><path class=\"st0\" d=\"M3.7,8.4c0,0,112.2-9,169.3-3.1\"\/><path class=\"st0\" d=\"M12.7,12.2c0,0,92.8-8,149.9-2.7\"\/><\/svg><\/span><span class=\"dipl_text_highlighter_post_inner_wrapper\">&nbsp; wschodzie s\u0142o\u0144ca 2024 wydarzenie charytatywne Morza Anio\u0142\u00f3w \u2013 V edycja jubileuszowa<\/span><\/h1><\/div>\n\t\t\t\t<\/div>\n\t\t\t<\/div>\n\t\t\t<\/div>\n\t\t\t\t\n\t\t\t\t\n\t\t\t\t\n\t\t\t\t\n\t\t\t<\/div><div class=\"et_d4_element et_pb_row et_pb_row_1 et_pb_equal_columns  et_pb_css_mix_blend_mode et_block_row\">\n\t\t\t\t<div class=\"et_d4_element et_pb_column_1_2 et_pb_column et_pb_column_1  et_pb_css_mix_blend_mode et_block_column\">\n\t\t\t\t\n\t\t\t\t\n\t\t\t\t\n\t\t\t\t\n\t\t\t\t<div class=\"et_pb_module et_d4_element dipl_image_mask dipl_image_mask_0 et_animated\">\n\t\t\t\t\n\t\t\t\t\n\t\t\t\t\n\t\t\t\t\n\t\t\t\t\n\t\t\t\t\n\t\t\t\t<div class=\"et_pb_module_inner\">\n\t\t\t\t\t<div class=\"dipl_image_mask_container\"><div class=\"dipl_image_mask_inner\"><img  title=\"\" decoding=\"async\" data-src=\"https:\/\/www.morzeaniolow.pl\/wp-content\/uploads\/2023\/11\/PSX_20230717_182534-scaled.jpg\"  alt=\"PSX_20230717_182534-scaled 1000 ANIO\u0141\u00d3W 2024\" src=\"data:image\/gif;base64,R0lGODlhAQABAAAAACH5BAEKAAEALAAAAAABAAEAAAICTAEAOw==\" class=\"lazyload\" style=\"--smush-placeholder-width: 2560px; --smush-placeholder-aspect-ratio: 2560\/1709;\" \/><\/div><\/div>\n\t\t\t\t<\/div>\n\t\t\t<\/div>\n\t\t\t<\/div><div class=\"et_d4_element et_pb_column_1_2 et_pb_column et_pb_column_2  et_pb_css_mix_blend_mode et-last-child et_block_column\">\n\t\t\t\t\n\t\t\t\t\n\t\t\t\t\n\t\t\t\t\n\t\t\t\t<div class=\"et_pb_module et_d4_element et_pb_text et_pb_text_0  et_pb_text_align_left et_pb_bg_layout_light\">\n\t\t\t\t\n\t\t\t\t\n\t\t\t\t\n\t\t\t\t\n\t\t\t\t<div class=\"et_pb_text_inner\"><p>To ju\u017c 5 edycja tego niezwyk\u0142ego wydarzenia. Kilkaset os\u00f3b na brzegu Morza Ba\u0142tyckiego w Sopocie plus drugie tyle na ca\u0142ym \u015bwiecie od 5 lat \u0142\u0105czy si\u0119 tego dnia w intencji pokoju i wolno\u015bci.<\/p>\n<p>1000 Anio\u0142\u00f3w o wschodzie s\u0142o\u0144ca to wydarzenie charytatywne spo\u0142eczno\u015bci Morze Anio\u0142\u00f3w. Spo\u0142eczno\u015b\u0107 Morza Anio\u0142\u00f3w zaprasza do wsp\u00f3lnego charytatywnego wej\u015bcia do morza o godz. 4.17, o wschodzie s\u0142o\u0144ca 1 czerwca 2024 w Dzie\u0144 Dziecka, w Sopocie by wesprze\u0107 funkcjonowanie\u00a0<a href=\"https:\/\/pomorzedzieciom.pl\/\">Fundacji Hospicjum Pomorze Dzieciom<\/a>. Spotykamy si\u0119 przy wej\u015bciu nr 28 (od ul. Traugutta Sopot).<\/p>\n<p>&nbsp;<\/p>\n<p>Je\u017celi nie mo\u017cesz by\u0107 z nami tego dnia w Sopocie, zapraszamy Ci\u0119 do wej\u015bcia do wody w swojej okolicy. Razem w Morzu Anio\u0142\u00f3w, spotykamy si\u0119 o wschodzie s\u0142o\u0144ca b\u0119d\u0105c w r\u00f3\u017cnych miejscach na \u015bwiecie. Do wej\u015bcia z intencj\u0105 wybierz morze, jezioro, rzek\u0119 lub po prostu wann\u0119, najlepiej z widokiem na s\u0142o\u0144ce. Naszym po\u0142\u0105czeniem b\u0119dzie woda i wsch\u00f3d. Wydarzenie jest w ca\u0142o\u015bci imprez\u0105 charytatywn\u0105. Mo\u017cesz zaprosi\u0107 lub zainspirowa\u0107 inne osoby i zorganizowa\u0107 wsp\u00f3lne wej\u015bcie do wody w swojej przestrzeni.<\/p>\n<p>Je\u017celi nie masz mo\u017cliwo\u015bci wej\u015bcia do wody mo\u017cesz do\u0142\u0105czy\u0107 \u0142\u0105cz\u0105c si\u0119 z nami intencj\u0105 pokoju i wolno\u015bci w godzinie wschodu s\u0142o\u0144ca.<\/p>\n<p><a href=\"https:\/\/www.morzeaniolow.pl\/\">Morza Anio\u0142\u00f3w<\/a>\u00a0jest inicjatyw\u0105 spo\u0142eczn\u0105, kt\u00f3ra \u0142\u0105czy ludzi. To spo\u0142eczno\u015b\u0107, kt\u00f3ra praktykuje codziennie k\u0105piele w zimnym Ba\u0142tyku o wschodzie S\u0142o\u0144ca. Inspiruje do dbania o siebie i o innych, do zdrowych praktyk, do \u015bwiadomego obcowania z natur\u0105 i z zimnem, kt\u00f3re maj\u0105 dzia\u0142anie terapeutyczne.<\/p>\n<p>Inspiruje do pomagania bo \"Nigdy nie wiesz kto dla Ciebie stanie si\u0119 Anio\u0142em a dla kogo staniesz si\u0119 nim Ty.\"<\/p>\n<p>Pami\u0119taj aby do\u0142\u0105czy\u0107 do akcji 1000 Anio\u0142\u00f3w o wschodzie s\u0142o\u0144ca 2024 \u2013 V edycja, musisz zarejestrowa\u0107 si\u0119 poprzez klikni\u0119cie zapisz si\u0119 oraz po wyborze pakietu dokona\u0107 p\u0142atno\u015bci. Na li\u015bcie startowej, po nadaniu numeru (prosimy o cierpliwo\u015b\u0107, numery nadawane s\u0105 raz na dob\u0119) przy Twoim imieniu i nazwisku pojawi si\u0119 numer anielski do pobrania. B\u0119dzie nam niezmiernie mi\u0142o jak zechcesz go udost\u0119pni\u0107 na swoich mediach spo\u0142eczno\u015bciowych, inspiruj\u0105c swoich znajomych i rodziny do do\u0142\u0105czenia.<\/p>\n<p>Jeste\u015b Anio\u0142em !<\/p>\n<p>Do zobaczenia na pla\u017cy w Sopocie<\/p><\/div>\n\t\t\t<\/div>\n\t\t\t<\/div>\n\t\t\t\t\n\t\t\t\t\n\t\t\t\t\n\t\t\t\t\n\t\t\t<\/div><div class=\"et_d4_element et_pb_row et_pb_row_3  et_pb_css_mix_blend_mode et_block_row\">\n\t\t\t\t<div class=\"et_d4_element et_pb_column_4_4 et_pb_column et_pb_column_3  et_pb_css_mix_blend_mode et-last-child et_block_column\">\n\t\t\t\t\n\t\t\t\t\n\t\t\t\t\n\t\t\t\t\n\t\t\t\t<div class=\"et_pb_module et_d4_element dipl_text_highlighter dipl_text_highlighter_1\">\n\t\t\t\t\n\t\t\t\t\n\t\t\t\t\n\t\t\t\t\n\t\t\t\t\n\t\t\t\t\n\t\t\t\t<div class=\"et_pb_module_inner\">\n\t\t\t\t\t<div class=\"dipl_text_highlighter_wrapper dipl_highlighter_heading dipl_highlight_double_underline \"><h1><span class=\"dipl_text_highlighter_inner_wrapper\"><span class=\"dipl_text_highlighted_content\">S\u0105 z nami<\/span><?xml version=\"1.0\" encoding=\"utf-8\"?><!-- Generator: Adobe Illustrator 24.3.0, SVG Export Plug-In . SVG Version: 6.00 Build 0)  --><svg version=\"1.1\" xmlns=\"http:\/\/www.w3.org\/2000\/svg\" xmlns:xlink=\"http:\/\/www.w3.org\/1999\/xlink\" x=\"0px\" y=\"0px\" viewBox=\"0 0 176.4 15.3\" style=\"enable-background:new 0 0 176.4 15.3;\" xml:space=\"preserve\"><style type=\"text\/css\">.st0{fill:none;stroke:#231F20;stroke-width:2.5;stroke-linecap:round;stroke-linejoin:round;}<\/style><path class=\"st0\" d=\"M3.7,8.4c0,0,112.2-9,169.3-3.1\"\/><path class=\"st0\" d=\"M12.7,12.2c0,0,92.8-8,149.9-2.7\"\/><\/svg><\/span><\/h1><\/div>\n\t\t\t\t<\/div>\n\t\t\t<\/div><div class=\"et_pb_module et_d4_element dipl_logo_slider dipl_logo_slider_0\">\n\t\t\t\t\n\t\t\t\t\n\t\t\t\t\n\t\t\t\t\n\t\t\t\t\n\t\t\t\t\n\t\t\t\t<div class=\"et_pb_module_inner\">\n\t\t\t\t\t<div class=\"dipl_swiper_wrapper\"><div class=\"dipl_logo_slider_wrapper dipl_swiper_inner_wrap dipl_slide_center\"><div class=\"swiper-container\"><div class=\"swiper-wrapper\"><div class=\"et_pb_module et_d4_element dipl_logo_slider_item dipl_logo_slider_item_0 et_clickable swiper-slide\">\n\t\t\t\t\n\t\t\t\t\n\t\t\t\t\n\t\t\t\t\n\t\t\t\t\n\t\t\t\t\n\t\t\t\t<div class=\"et_pb_module_inner\">\n\t\t\t\t\t<div class=\"dipl_logo_wrapper\"><img  title=\"\" decoding=\"async\" class=\"dipl_logo_image no-lazyload skip-lazy\" src=\"https:\/\/www.morzeaniolow.pl\/wp-content\/uploads\/2021\/05\/Hospicjum-Pomorze-Dzieciom.png\"  alt=\"Hospicjum-Pomorze-Dzieciom 1000 ANIO\u0141\u00d3W 2024\" \/><\/div>\n\t\t\t\t<\/div>\n\t\t\t<\/div><div class=\"et_pb_module et_d4_element dipl_logo_slider_item dipl_logo_slider_item_1 et_clickable swiper-slide\">\n\t\t\t\t\n\t\t\t\t\n\t\t\t\t\n\t\t\t\t\n\t\t\t\t\n\t\t\t\t\n\t\t\t\t<div class=\"et_pb_module_inner\">\n\t\t\t\t\t<div class=\"dipl_logo_wrapper\"><img  title=\"\" decoding=\"async\" class=\"dipl_logo_image no-lazyload skip-lazy\" src=\"https:\/\/www.morzeaniolow.pl\/wp-content\/uploads\/2024\/01\/Zasob-2.png\"  alt=\"Zasob-2 1000 ANIO\u0141\u00d3W 2024\" \/><\/div>\n\t\t\t\t<\/div>\n\t\t\t<\/div><div class=\"et_pb_module et_d4_element dipl_logo_slider_item dipl_logo_slider_item_2 swiper-slide\">\n\t\t\t\t\n\t\t\t\t\n\t\t\t\t\n\t\t\t\t\n\t\t\t\t\n\t\t\t\t\n\t\t\t\t<div class=\"et_pb_module_inner\">\n\t\t\t\t\t<div class=\"dipl_logo_wrapper\"><img  title=\"\" decoding=\"async\" class=\"dipl_logo_image no-lazyload skip-lazy\" src=\"https:\/\/www.morzeaniolow.pl\/wp-content\/uploads\/2022\/08\/Sopot-logo.jpg\"  alt=\"Sopot-logo 1000 ANIO\u0141\u00d3W 2024\" \/><\/div>\n\t\t\t\t<\/div>\n\t\t\t<\/div><div class=\"et_pb_module et_d4_element dipl_logo_slider_item dipl_logo_slider_item_3 et_clickable swiper-slide\">\n\t\t\t\t\n\t\t\t\t\n\t\t\t\t\n\t\t\t\t\n\t\t\t\t\n\t\t\t\t\n\t\t\t\t<div class=\"et_pb_module_inner\">\n\t\t\t\t\t<div class=\"dipl_logo_wrapper\"><img  title=\"\" decoding=\"async\" class=\"dipl_logo_image no-lazyload skip-lazy\" src=\"https:\/\/www.morzeaniolow.pl\/wp-content\/uploads\/2021\/05\/E-Sopot.jpg\"  alt=\"E-Sopot 1000 ANIO\u0141\u00d3W 2024\" \/><\/div>\n\t\t\t\t<\/div>\n\t\t\t<\/div><div class=\"et_pb_module et_d4_element dipl_logo_slider_item dipl_logo_slider_item_4 swiper-slide\">\n\t\t\t\t\n\t\t\t\t\n\t\t\t\t\n\t\t\t\t\n\t\t\t\t\n\t\t\t\t\n\t\t\t\t<div class=\"et_pb_module_inner\">\n\t\t\t\t\t<div class=\"dipl_logo_wrapper\"><img  title=\"\" decoding=\"async\" class=\"dipl_logo_image no-lazyload skip-lazy\" src=\"https:\/\/www.morzeaniolow.pl\/wp-content\/uploads\/2022\/08\/mosir_sopot_logo.jpg\"  alt=\"mosir_sopot_logo 1000 ANIO\u0141\u00d3W 2024\" \/><\/div>\n\t\t\t\t<\/div>\n\t\t\t<\/div><div class=\"et_pb_module et_d4_element dipl_logo_slider_item dipl_logo_slider_item_5 et_clickable swiper-slide\">\n\t\t\t\t\n\t\t\t\t\n\t\t\t\t\n\t\t\t\t\n\t\t\t\t\n\t\t\t\t\n\t\t\t\t<div class=\"et_pb_module_inner\">\n\t\t\t\t\t<div class=\"dipl_logo_wrapper\"><img  title=\"\" decoding=\"async\" class=\"dipl_logo_image no-lazyload skip-lazy\" src=\"https:\/\/www.morzeaniolow.pl\/wp-content\/uploads\/2021\/05\/elektroniczne-zapisy.png\"  alt=\"elektroniczne-zapisy 1000 ANIO\u0141\u00d3W 2024\" \/><\/div>\n\t\t\t\t<\/div>\n\t\t\t<\/div><\/div> <!-- swiper-wrapper --><\/div> <!-- swiper-container --><div class=\"dipl_swiper_navigation\" data-arrows_desktop=\"inside\"><div class=\"swiper-button-next\"><\/div> <div class=\"swiper-button-prev\"><\/div><\/div><\/div> <!-- dipl_logo_slider_wrapper --><div class=\"dipl_swiper_pagination\"><div class=\"swiper-pagination solid_dot\"><\/div><\/div><\/div> <!--- dipl_swiper_wrapper --><script>jQuery(function($) {var dipl_logo_slider_0_swiper = new Swiper('.dipl_logo_slider_0 .swiper-container', {\n                            slidesPerView: 4,\n                            slidesPerGroup: 1,\n                            slidesPerGroupSkip: 3,\n                            autoplay: {\n                                delay:3000,\n                                disableOnInteraction: true,\n                            },\n                            spaceBetween: 15,\n                            speed: 1000,\n                            loop: true,\n                            pagination: {\n                        el: '.dipl_logo_slider_0 .swiper-pagination',\n                        dynamicBullets: false,\n                        clickable: true,\n                    },\n                            navigation: {    \n                            nextEl: '.dipl_logo_slider_0 .swiper-button-next',\n                            prevEl: '.dipl_logo_slider_0 .swiper-button-prev',\n                    },\n                            grabCursor: 'true',\n                            observer: true,\n\t\t\t\t\t\t\tobserveParents: true,\n                            breakpoints: {\n                            \t981: {\n\t\t                          \tslidesPerView: 4,\n\t\t                          \tspaceBetween: 15,\n                            \t\tslidesPerGroup: 1,\n                            \t\tslidesPerGroupSkip: 3,\n\t\t                        },\n\t\t                        768: {\n\t\t                          \tslidesPerView: 3,\n\t\t                          \tspaceBetween: 15,\n\t\t                          \tslidesPerGroup: 1,\n                            \t\tslidesPerGroupSkip: 2,\n\t\t                        },\n\t\t                        0: {\n\t\t                          \tslidesPerView: 1,\n\t\t                          \tspaceBetween: 15,\n\t\t                          \tslidesPerGroup: 1,\n                            \t\tslidesPerGroupSkip: 0,\n\t\t                        }\n\t\t                    },\n                    });$(\".dipl_logo_slider_0 .swiper-container\").on(\"mouseenter\", function(e) {\n\t\t\t\t\t\t\tif ( typeof dipl_logo_slider_0_swiper.autoplay.stop === \"function\" ) {\n\t\t\t\t\t\t\t\tdipl_logo_slider_0_swiper.autoplay.stop();\n\t\t\t\t\t\t\t}\n                        });$(\".dipl_logo_slider_0 .swiper-container\").on(\"mouseleave\", function(e) {\n        \t\t\t\t\tif ( typeof dipl_logo_slider_0_swiper.autoplay.start === \"function\" ) {\n                            \tdipl_logo_slider_0_swiper.autoplay.start();\n                            }\n                        });});<\/script>\n\t\t\t\t<\/div>\n\t\t\t<\/div>\n\t\t\t<\/div>\n\t\t\t\t\n\t\t\t\t\n\t\t\t\t\n\t\t\t\t\n\t\t\t<\/div>\n\t\t\t\t\n\t\t\t\t\n\t\t\t<\/div>\n","protected":false},"excerpt":{"rendered":"","protected":false},"author":1,"featured_media":0,"parent":0,"menu_order":0,"comment_status":"closed","ping_status":"closed","template":"","meta":{"_acf_changed":false,"_et_pb_use_builder":"on","_et_pb_old_content":"","_et_gb_content_width":"","footnotes":""},"class_list":["post-7411","page","type-page","status-publish","hentry"],"acf":[],"_links":{"self":[{"href":"https:\/\/www.morzeaniolow.pl\/index.php\/wp-json\/wp\/v2\/pages\/7411","targetHints":{"allow":["GET"]}}],"collection":[{"href":"https:\/\/www.morzeaniolow.pl\/index.php\/wp-json\/wp\/v2\/pages"}],"about":[{"href":"https:\/\/www.morzeaniolow.pl\/index.php\/wp-json\/wp\/v2\/types\/page"}],"author":[{"embeddable":true,"href":"https:\/\/www.morzeaniolow.pl\/index.php\/wp-json\/wp\/v2\/users\/1"}],"replies":[{"embeddable":true,"href":"https:\/\/www.morzeaniolow.pl\/index.php\/wp-json\/wp\/v2\/comments?post=7411"}],"version-history":[{"count":13,"href":"https:\/\/www.morzeaniolow.pl\/index.php\/wp-json\/wp\/v2\/pages\/7411\/revisions"}],"predecessor-version":[{"id":7740,"href":"https:\/\/www.morzeaniolow.pl\/index.php\/wp-json\/wp\/v2\/pages\/7411\/revisions\/7740"}],"wp:attachment":[{"href":"https:\/\/www.morzeaniolow.pl\/index.php\/wp-json\/wp\/v2\/media?parent=7411"}],"curies":[{"name":"wp","href":"https:\/\/api.w.org\/{rel}","templated":true}]}}